{"id":25,"date":"2020-12-08T03:54:06","date_gmt":"2020-12-08T03:54:06","guid":{"rendered":"https:\/\/gaviaspreview.com\/wp\/fude\/?page_id=25"},"modified":"2025-10-30T12:21:17","modified_gmt":"2025-10-30T15:21:17","slug":"news","status":"publish","type":"page","link":"https:\/\/iebaba.com.br\/index.php\/news\/","title":{"rendered":"Blog"},"content":{"rendered":"\t\t<div data-elementor-type=\"wp-page\" data-elementor-id=\"25\" class=\"elementor elementor-25\">\n\t\t\t\t\t\t<section class=\"elementor-section elementor-top-section elementor-element elementor-element-59f29e4 elementor-section-full_width elementor-section-height-default elementor-section-height-default\" data-id=\"59f29e4\" data-element_type=\"section\">\n\t\t\t\t\t\t<div class=\"elementor-container elementor-column-gap-default\">\n\t\t\t\t\t<div class=\"elementor-column elementor-col-100 elementor-top-column elementor-element elementor-element-6754167\" data-id=\"6754167\" data-element_type=\"column\">\n\t\t\t<div class=\"elementor-widget-wrap elementor-element-populated\">\n\t\t\t\t\t\t<div class=\"elementor-element elementor-element-458306b elementor-widget elementor-widget-gva_post_breadcrumb\" data-id=\"458306b\" data-element_type=\"widget\" data-widget_type=\"gva_post_breadcrumb.default\">\n\t\t\t\t<div class=\"elementor-widget-container\">\n\t\t\t\t\t<div class=\"gva-element-gva_post_breadcrumb gva-element\">   \r\n<div class=\"post-breadcrumb\">\r\n   <div class=\"custom-breadcrumb \" >\r\n            <div class=\"breadcrumb-main\">\r\n        <div class=\"container\">\r\n          <div class=\"breadcrumb-container-inner\">\r\n            <h2 class=\"heading-title\">Blog<\/h2><ol class=\"breadcrumb\"><li><a href=\"https:\/\/iebaba.com.br\">Home<\/a> <\/li> <li class=\"active\">P\u00e1gina<\/li><\/ol>          <\/div>  \r\n        <\/div>   \r\n      <\/div>  \r\n   <\/div>\r\n<\/div>      \r\n\r\n<\/div>\t\t\t\t<\/div>\n\t\t\t\t<\/div>\n\t\t\t\t\t<\/div>\n\t\t<\/div>\n\t\t\t\t\t<\/div>\n\t\t<\/section>\n\t\t\t\t<section class=\"elementor-section elementor-top-section elementor-element elementor-element-1fbe8dbc elementor-section-boxed elementor-section-height-default elementor-section-height-default\" data-id=\"1fbe8dbc\" data-element_type=\"section\">\n\t\t\t\t\t\t<div class=\"elementor-container elementor-column-gap-default\">\n\t\t\t\t\t<div class=\"elementor-column elementor-col-100 elementor-top-column elementor-element elementor-element-505d4390\" data-id=\"505d4390\" data-element_type=\"column\">\n\t\t\t<div class=\"elementor-widget-wrap elementor-element-populated\">\n\t\t\t\t\t\t<div class=\"elementor-element elementor-element-962a554 elementor-widget elementor-widget-gva-posts\" data-id=\"962a554\" data-element_type=\"widget\" data-widget_type=\"gva-posts.default\">\n\t\t\t\t<div class=\"elementor-widget-container\">\n\t\t\t\t\t<div class=\"gva-element-gva-posts gva-element\">  \r\n  <div class=\"gva-posts-grid clearfix gva-posts\">\r\n\t\t<div class=\"gva-content-items\"> \r\n\t\t  <div class=\"lg-block-grid-3 md-block-grid-3 sm-block-grid-2 xs-block-grid-2 xx-block-grid-1\">\r\n\t\t\t <div class=\"item-columns\">\r\n   <article id=\"post-1\" class=\"post post-style-1 post-1 type-post status-publish format-standard has-post-thumbnail hentry category-noticias\">\r\n      \r\n               <div class=\"post-thumbnail\">\r\n            <a href=\"https:\/\/iebaba.com.br\/index.php\/2025\/09\/14\/ola-mundo\/\">\r\n               <img fetchpriority=\"high\" decoding=\"async\" width=\"256\" height=\"256\" src=\"https:\/\/iebaba.com.br\/wp-content\/uploads\/2025\/09\/Rectangle-11.png\" class=\"attachment-funden_medium size-funden_medium wp-post-image\" alt=\"Participa\u00e7\u00e3o no Arraial\" srcset=\"https:\/\/iebaba.com.br\/wp-content\/uploads\/2025\/09\/Rectangle-11.png 256w, https:\/\/iebaba.com.br\/wp-content\/uploads\/2025\/09\/Rectangle-11-175x175.png 175w, https:\/\/iebaba.com.br\/wp-content\/uploads\/2025\/09\/Rectangle-11-180x180.png 180w\" sizes=\"(max-width: 256px) 100vw, 256px\" \/>            <\/a>\r\n                           <div class=\"entry-date\">\r\n                  <span class=\"date\">14<\/span>\r\n                  <span class=\"month\">set<\/span>\r\n               <\/div>\r\n                     <\/div>   \r\n         \r\n\r\n      <div class=\"entry-content has-thumbnail\">\r\n         <div class=\"content-inner\">\r\n            <div class=\"entry-meta\">\r\n               <div class=\"clearfix meta-inline post-meta-1\"><span class=\"author vcard\"><i class=\"far fa-user-circle\"><\/i>iebaba_admin<\/span><span class=\"post-comment\"><i class=\"far fa-comments\"><\/i>1 coment\u00e1rio<\/span><\/div>            <\/div> \r\n            <h3 class=\"entry-title\"><a href=\"https:\/\/iebaba.com.br\/index.php\/2025\/09\/14\/ola-mundo\/\" rel=\"bookmark\">Participa\u00e7\u00e3o no Arraial<\/a><\/h3>\r\n                           <div class=\"entry-desc\">\r\n                  No s\u00e1bado dia 14 fizemos uma participa\u00e7\u00e3o muito especial no arraial do\u00a0@pipas.infancia\u2028No ano passado fizemos               <\/div>   \r\n                        <div class=\"read-more\">\r\n               <a class=\"btn-inline\" href=\"https:\/\/iebaba.com.br\/index.php\/2025\/09\/14\/ola-mundo\/\">Saiba mais<\/a>\r\n            <\/div>\r\n         <\/div>\r\n\r\n      <\/div>\r\n   <\/article>   \r\n\r\n  <\/div><div class=\"item-columns\">\r\n   <article id=\"post-48\" class=\"post post-style-1 post-48 type-post status-publish format-standard has-post-thumbnail hentry category-noticias tag-adventure tag-beach tag-lifestyle\">\r\n      \r\n               <div class=\"post-thumbnail\">\r\n            <a href=\"https:\/\/iebaba.com.br\/index.php\/2020\/12\/08\/a-day-in-the-life-of-entrepreneur-ceo\/\">\r\n               <img decoding=\"async\" width=\"256\" height=\"256\" src=\"https:\/\/iebaba.com.br\/wp-content\/uploads\/2020\/12\/Rectangle-12.png\" class=\"attachment-funden_medium size-funden_medium wp-post-image\" alt=\"Fotos da florbordada\" srcset=\"https:\/\/iebaba.com.br\/wp-content\/uploads\/2020\/12\/Rectangle-12.png 256w, https:\/\/iebaba.com.br\/wp-content\/uploads\/2020\/12\/Rectangle-12-175x175.png 175w, https:\/\/iebaba.com.br\/wp-content\/uploads\/2020\/12\/Rectangle-12-180x180.png 180w\" sizes=\"(max-width: 256px) 100vw, 256px\" \/>            <\/a>\r\n                           <div class=\"entry-date\">\r\n                  <span class=\"date\">08<\/span>\r\n                  <span class=\"month\">dez<\/span>\r\n               <\/div>\r\n                     <\/div>   \r\n         \r\n\r\n      <div class=\"entry-content has-thumbnail\">\r\n         <div class=\"content-inner\">\r\n            <div class=\"entry-meta\">\r\n               <div class=\"clearfix meta-inline post-meta-1\"><span class=\"author vcard\"><i class=\"far fa-user-circle\"><\/i>iebaba_admin<\/span><span class=\"post-comment\"><i class=\"far fa-comments\"><\/i>3 Coment\u00e1rios<\/span><\/div>            <\/div> \r\n            <h3 class=\"entry-title\"><a href=\"https:\/\/iebaba.com.br\/index.php\/2020\/12\/08\/a-day-in-the-life-of-entrepreneur-ceo\/\" rel=\"bookmark\">Fotos da florbordada<\/a><\/h3>\r\n                           <div class=\"entry-desc\">\r\n                  Com essas lindas fotos de\u00a0@florbordada\u00a0viemos comemorar que ontem fomos convidados para fazer uma apresenta\u00e7\u00e3o no               <\/div>   \r\n                        <div class=\"read-more\">\r\n               <a class=\"btn-inline\" href=\"https:\/\/iebaba.com.br\/index.php\/2020\/12\/08\/a-day-in-the-life-of-entrepreneur-ceo\/\">Saiba mais<\/a>\r\n            <\/div>\r\n         <\/div>\r\n\r\n      <\/div>\r\n   <\/article>   \r\n\r\n  <\/div><div class=\"item-columns\">\r\n   <article id=\"post-47\" class=\"post post-style-1 post-47 type-post status-publish format-standard has-post-thumbnail hentry category-noticias tag-lifestyle tag-parks tag-tourisms\">\r\n      \r\n               <div class=\"post-thumbnail\">\r\n            <a href=\"https:\/\/iebaba.com.br\/index.php\/2020\/12\/08\/future-where-technology-creates-good-jobs\/\">\r\n               <img decoding=\"async\" width=\"256\" height=\"256\" src=\"https:\/\/iebaba.com.br\/wp-content\/uploads\/2020\/12\/Rectangle-13.png\" class=\"attachment-funden_medium size-funden_medium wp-post-image\" alt=\"Convidados pela banda Tirululi\" srcset=\"https:\/\/iebaba.com.br\/wp-content\/uploads\/2020\/12\/Rectangle-13.png 256w, https:\/\/iebaba.com.br\/wp-content\/uploads\/2020\/12\/Rectangle-13-175x175.png 175w, https:\/\/iebaba.com.br\/wp-content\/uploads\/2020\/12\/Rectangle-13-180x180.png 180w\" sizes=\"(max-width: 256px) 100vw, 256px\" \/>            <\/a>\r\n                           <div class=\"entry-date\">\r\n                  <span class=\"date\">08<\/span>\r\n                  <span class=\"month\">dez<\/span>\r\n               <\/div>\r\n                     <\/div>   \r\n         \r\n\r\n      <div class=\"entry-content has-thumbnail\">\r\n         <div class=\"content-inner\">\r\n            <div class=\"entry-meta\">\r\n               <div class=\"clearfix meta-inline post-meta-1\"><span class=\"author vcard\"><i class=\"far fa-user-circle\"><\/i>iebaba_admin<\/span><span class=\"post-comment\"><i class=\"far fa-comments\"><\/i>0 coment\u00e1rios<\/span><\/div>            <\/div> \r\n            <h3 class=\"entry-title\"><a href=\"https:\/\/iebaba.com.br\/index.php\/2020\/12\/08\/future-where-technology-creates-good-jobs\/\" rel=\"bookmark\">Convidados pela banda Tirululi<\/a><\/h3>\r\n                           <div class=\"entry-desc\">\r\n                  Fomos convidados pela banda\u00a0@tiruliluli\u00a0para participar da Semana S promovida pelo\u00a0@sesc_ma\u2028O\n               <\/div>   \r\n                        <div class=\"read-more\">\r\n               <a class=\"btn-inline\" href=\"https:\/\/iebaba.com.br\/index.php\/2020\/12\/08\/future-where-technology-creates-good-jobs\/\">Saiba mais<\/a>\r\n            <\/div>\r\n         <\/div>\r\n\r\n      <\/div>\r\n   <\/article>   \r\n\r\n  <\/div>\t\t  <\/div>\r\n\t\t<\/div>\r\n\t\t\t\t\t <div class=\"pagination\">\r\n\t\t\t\t  \t\t\t <\/div>\r\n\t\t  <\/div>\r\n  <\/div>\t\t\t\t<\/div>\n\t\t\t\t<\/div>\n\t\t\t\t\t<\/div>\n\t\t<\/div>\n\t\t\t\t\t<\/div>\n\t\t<\/section>\n\t\t\t\t<section class=\"elementor-section elementor-top-section elementor-element elementor-element-ca031e8 elementor-section-boxed elementor-section-height-default elementor-section-height-default\" data-id=\"ca031e8\" data-element_type=\"section\" data-settings=\"{&quot;background_background&quot;:&quot;slideshow&quot;,&quot;background_slideshow_gallery&quot;:[],&quot;background_slideshow_loop&quot;:&quot;yes&quot;,&quot;background_slideshow_slide_duration&quot;:5000,&quot;background_slideshow_slide_transition&quot;:&quot;fade&quot;,&quot;background_slideshow_transition_duration&quot;:500}\">\n\t\t\t\t\t\t\t<div class=\"elementor-background-overlay\"><\/div>\n\t\t\t\t\t\t\t<div class=\"elementor-container elementor-column-gap-default\">\n\t\t\t\t\t<div class=\"elementor-column elementor-col-100 elementor-top-column elementor-element elementor-element-4ecf841\" data-id=\"4ecf841\" data-element_type=\"column\" data-settings=\"{&quot;background_background&quot;:&quot;slideshow&quot;,&quot;background_slideshow_gallery&quot;:[],&quot;background_slideshow_loop&quot;:&quot;yes&quot;,&quot;background_slideshow_slide_duration&quot;:5000,&quot;background_slideshow_slide_transition&quot;:&quot;fade&quot;,&quot;background_slideshow_transition_duration&quot;:500}\">\n\t\t\t<div class=\"elementor-widget-wrap elementor-element-populated\">\n\t\t\t\t\t\t<section class=\"elementor-section elementor-inner-section elementor-element elementor-element-beebec7 elementor-section-boxed elementor-section-height-default elementor-section-height-default\" data-id=\"beebec7\" data-element_type=\"section\" data-settings=\"{&quot;background_background&quot;:&quot;classic&quot;}\">\n\t\t\t\t\t\t<div class=\"elementor-container elementor-column-gap-default\">\n\t\t\t\t\t<div class=\"elementor-column elementor-col-50 elementor-inner-column elementor-element elementor-element-247e59a\" data-id=\"247e59a\" data-element_type=\"column\" data-settings=\"{&quot;background_background&quot;:&quot;classic&quot;}\">\n\t\t\t<div class=\"elementor-widget-wrap elementor-element-populated\">\n\t\t\t\t\t\t<div class=\"elementor-element elementor-element-184e690 elementor-widget__width-auto elementor-widget elementor-widget-heading\" data-id=\"184e690\" data-element_type=\"widget\" data-widget_type=\"heading.default\">\n\t\t\t\t\t<h2 class=\"elementor-heading-title elementor-size-default\">Ajude nosso projeto<\/h2>\t\t\t\t<\/div>\n\t\t\t\t\t<\/div>\n\t\t<\/div>\n\t\t\t\t<div class=\"elementor-column elementor-col-50 elementor-inner-column elementor-element elementor-element-a337d73\" data-id=\"a337d73\" data-element_type=\"column\" data-settings=\"{&quot;background_background&quot;:&quot;classic&quot;}\">\n\t\t\t<div class=\"elementor-widget-wrap elementor-element-populated\">\n\t\t\t\t\t\t<div class=\"elementor-element elementor-element-e4165ab elementor-widget__width-auto elementor-widget elementor-widget-html\" data-id=\"e4165ab\" data-element_type=\"widget\" data-widget_type=\"html.default\">\n\t\t\t\t\t<a href=\"https:\/\/gaviaspreview.com\/wp\/fude\/about\/\" class=\"btn-border-white\">\n   Doar\n<\/a>\t\t\t\t<\/div>\n\t\t\t\t\t<\/div>\n\t\t<\/div>\n\t\t\t\t\t<\/div>\n\t\t<\/section>\n\t\t\t\t\t<\/div>\n\t\t<\/div>\n\t\t\t\t\t<\/div>\n\t\t<\/section>\n\t\t\t\t<\/div>\n\t\t","protected":false},"excerpt":{"rendered":"<p>Live Stream From Awwwards Showcasing Trends Home iebaba_admin1 Comment Ol\u00e1, mundo! Boas-vindas ao WordPress. Esse \u00e9 o seu primeiro post. Edite-o ou exclua-o, e ent\u00e3o comece Read more 08 dez [&hellip;]<\/p>\n","protected":false},"author":1,"featured_media":0,"parent":0,"menu_order":0,"comment_status":"closed","ping_status":"closed","template":"","meta":{"footnotes":""},"class_list":["post-25","page","type-page","status-publish","hentry"],"wpcf_dashboard":"<div class=\"woocommerce\"><div class=\"woocommerce-info\">Fazer login primeiro? <a class=\"wpneoShowLogin\" href=\"#\">Clique aqui para entrar<\/a><\/div><div class=\"wpneo_login_form_div\" style=\"display: none;\"><form name=\"loginform\" id=\"loginform\" action=\"https:\/\/iebaba.com.br\/wp-login.php\" method=\"post\"><p class=\"login-username\">\n\t\t\t\t<label for=\"user_login\">Nome de usu\u00e1rio ou endere\u00e7o de e-mail<\/label>\n\t\t\t\t<input type=\"text\" name=\"log\" id=\"user_login\" autocomplete=\"username\" class=\"input\" value=\"\" size=\"20\" \/>\n\t\t\t<\/p><p class=\"login-password\">\n\t\t\t\t<label for=\"user_pass\">Senha<\/label>\n\t\t\t\t<input type=\"password\" name=\"pwd\" id=\"user_pass\" autocomplete=\"current-password\" spellcheck=\"false\" class=\"input\" value=\"\" size=\"20\" \/>\n\t\t\t<\/p><p class=\"login-remember\"><label><input name=\"rememberme\" type=\"checkbox\" id=\"rememberme\" value=\"forever\" \/> Lembrar-me<\/label><\/p><p class=\"login-submit\">\n\t\t\t\t<input type=\"submit\" name=\"wp-submit\" id=\"wp-submit\" class=\"button button-primary\" value=\"Acessar\" \/>\n\t\t\t\t<input type=\"hidden\" name=\"redirect_to\" value=\"https:\/\/iebaba.com.br\/index.php\/wp-json\/wp\/v2\/pages\/25\" \/>\n\t\t\t<\/p><\/form><\/div><\/div>","_links":{"self":[{"href":"https:\/\/iebaba.com.br\/index.php\/wp-json\/wp\/v2\/pages\/25","targetHints":{"allow":["GET"]}}],"collection":[{"href":"https:\/\/iebaba.com.br\/index.php\/wp-json\/wp\/v2\/pages"}],"about":[{"href":"https:\/\/iebaba.com.br\/index.php\/wp-json\/wp\/v2\/types\/page"}],"author":[{"embeddable":true,"href":"https:\/\/iebaba.com.br\/index.php\/wp-json\/wp\/v2\/users\/1"}],"replies":[{"embeddable":true,"href":"https:\/\/iebaba.com.br\/index.php\/wp-json\/wp\/v2\/comments?post=25"}],"version-history":[{"count":13,"href":"https:\/\/iebaba.com.br\/index.php\/wp-json\/wp\/v2\/pages\/25\/revisions"}],"predecessor-version":[{"id":1575,"href":"https:\/\/iebaba.com.br\/index.php\/wp-json\/wp\/v2\/pages\/25\/revisions\/1575"}],"wp:attachment":[{"href":"https:\/\/iebaba.com.br\/index.php\/wp-json\/wp\/v2\/media?parent=25"}],"curies":[{"name":"wp","href":"https:\/\/api.w.org\/{rel}","templated":true}]}}